{"id":271,"date":"2012-01-07T21:18:47","date_gmt":"2012-01-07T19:18:47","guid":{"rendered":"http:\/\/pr.talleresateca.com\/?page_id=271"},"modified":"2026-02-18T12:55:25","modified_gmt":"2026-02-18T10:55:25","slug":"contratos-de-mantenimiento","status":"publish","type":"page","link":"http:\/\/climaalba.es\/?page_id=271","title":{"rendered":"Industrias, empresas"},"content":{"rendered":"<p><span style=\"color: #000000;\">En Clima Alba cuidamos especialmente al cliente profesional y empresarial. Hoteles, peluquer\u00edas, casas rurales, colegios, iglesias, lagares, queser\u00edas\u00a0 y todo tipo de industrial en general. Entendemos sus necesidades y procuramos darle un servicio, r\u00e1pido, sin problemas y a buen precio. Ofrecemos los siguientes servicios:<\/span><\/p>\n<ul>\n<li><span style=\"color: #000000;\">Reforma de sala de calderas<\/span><\/li>\n<li><span style=\"color: #000000;\">Contratos de mantenimiento con revisiones programadas, para industria, empresa, salas de calderas, etc.<\/span><\/li>\n<li><span style=\"color: #000000;\">Atenci\u00f3n de aver\u00edas a domicilio<\/span><\/li>\n<li><span style=\"color: #000000;\">Reparaci\u00f3n de calderas de gas, gas\u00f3leo, pellets. De potencias inferiores o superiores a 70 Kw<\/span><\/li>\n<li><span style=\"color: #000000;\">Revisi\u00f3n de calderas<\/span><\/li>\n<li><span style=\"color: #000000;\">Venta de pieza de recambio<\/span><\/li>\n<\/ul>\n<p><span style=\"color: #000000;\">Queremos recordarle que la normativa vigente en materia de instalaciones t\u00e9rmicas en los edificios, Real Decreto 1027\/2007, de 20 de julio, hace responsable del mantenimiento de la instalaci\u00f3n y de los aparatos al propietario o usuario, con independencia de que exista sobre ellos una garant\u00eda legal o comercial del fabricante o vendedor. Adem\u00e1s, exige <strong>una revisi\u00f3n anual obligatoria<\/strong>. El incumplimiento de esta revisi\u00f3n puede hacer responsable al <strong>propietario o usuario<\/strong> de los da\u00f1os que se generen a terceros y, adem\u00e1s, puede ser objeto de sanci\u00f3n administrativa. \u00a0En caso de siniestro, la compa\u00f1\u00eda aseguradora, puede llegar a no hacerse cargo si usted no est\u00e1 al d\u00eda con sus obligaciones.<\/span><\/p>\n<p><span style=\"color: #000000;\"><strong>CONTRATOS DE MANTENIMIENTO<\/strong>:<\/span><\/p>\n<p><span style=\"color: #000000;\">Tenemos varios tipos de contratos, definidos en funci\u00f3n de las necesidades del cliente que pueden llegar incluso \u00a0a la atenci\u00f3n 365 d\u00edas las 24 horas. Este tipo de contratos por un peque\u00f1o coste anual, le permiten tener su instalaci\u00f3n segura, en perfecto estado de conservaci\u00f3n y ahorrando combustible. Lleva incluido los costes de desplazamiento y mano de obra, solo se le cobrar\u00e1n las piezas.<\/span><\/p>\n<p><span style=\"color: #000000;\"><strong>ATENCI\u00d3N DE AVER\u00cdAS A DOMICILIO:<\/strong><\/span><\/p>\n<p><span style=\"color: #000000;\">Disponemos de veh\u00edculos taller, equipados con todo lo necesario para poder realizar la mayor parte de las <strong>reparaciones a domicilio<\/strong>. Prestamos servicios en cualquier punto de la regi\u00f3n asturiana. P\u00f3ngase en<\/span> <a href=\"..\/?page_id=15\">contacto<\/a>, <span style=\"color: #000000;\">nuestra prioridad es atenderle r\u00e1pida y eficazmente.<\/span><\/p>\n<p><span style=\"color: #000000;\"><strong>VENTA DE PIEZAS DE RECAMBIO:<\/strong><\/span><\/p>\n<p><span style=\"color: #000000;\">Disponemos de una\u00a0 tienda, surtida de repuestos originales de marcas oficiales, tales como membranas, termopares, termistancias, man\u00f3metros, v\u00e1lvulas de seguridad, llaves de llenado, caudal\u00edmetros, microinterruptores, circuitos impresos, inyectores, etc.<\/span><\/p>\n<p><span style=\"color: #ffffff;\">.<\/span><\/p>\n","protected":false},"excerpt":{"rendered":"<p>En Clima Alba cuidamos especialmente al cliente profesional y empresarial. Hoteles, peluquer\u00edas, casas rurales, colegios, iglesias, lagares, queser\u00edas\u00a0 y todo tipo de industrial en general. Entendemos sus necesidades y procuramos darle un servicio, r\u00e1pido, sin problemas y a buen precio. Ofrecemos los siguientes servicios: Reforma de sala de calderas Contratos de mantenimiento con revisiones programadas, &#8230; <a title=\"Industrias, empresas\" class=\"read-more\" href=\"http:\/\/climaalba.es\/?page_id=271\" aria-label=\"Leer m\u00e1s sobre Industrias, empresas\">Leer m\u00e1s<\/a><\/p>\n","protected":false},"author":1,"featured_media":0,"parent":40,"menu_order":0,"comment_status":"closed","ping_status":"closed","template":"","meta":{"footnotes":""},"class_list":["post-271","page","type-page","status-publish"],"_links":{"self":[{"href":"http:\/\/climaalba.es\/index.php?rest_route=\/wp\/v2\/pages\/271","targetHints":{"allow":["GET"]}}],"collection":[{"href":"http:\/\/climaalba.es\/index.php?rest_route=\/wp\/v2\/pages"}],"about":[{"href":"http:\/\/climaalba.es\/index.php?rest_route=\/wp\/v2\/types\/page"}],"author":[{"embeddable":true,"href":"http:\/\/climaalba.es\/index.php?rest_route=\/wp\/v2\/users\/1"}],"replies":[{"embeddable":true,"href":"http:\/\/climaalba.es\/index.php?rest_route=%2Fwp%2Fv2%2Fcomments&post=271"}],"version-history":[{"count":25,"href":"http:\/\/climaalba.es\/index.php?rest_route=\/wp\/v2\/pages\/271\/revisions"}],"predecessor-version":[{"id":931,"href":"http:\/\/climaalba.es\/index.php?rest_route=\/wp\/v2\/pages\/271\/revisions\/931"}],"up":[{"embeddable":true,"href":"http:\/\/climaalba.es\/index.php?rest_route=\/wp\/v2\/pages\/40"}],"wp:attachment":[{"href":"http:\/\/climaalba.es\/index.php?rest_route=%2Fwp%2Fv2%2Fmedia&parent=271"}],"curies":[{"name":"wp","href":"https:\/\/api.w.org\/{rel}","templated":true}]}}