{"id":155,"date":"2011-12-16T01:10:28","date_gmt":"2011-12-15T23:10:28","guid":{"rendered":"http:\/\/pr.talleresateca.com\/?page_id=155"},"modified":"2026-02-18T12:56:48","modified_gmt":"2026-02-18T10:56:48","slug":"garantias","status":"publish","type":"page","link":"http:\/\/climaalba.es\/?page_id=155","title":{"rendered":"Garant\u00edas"},"content":{"rendered":"<p><span style=\"color: #000000;\"><strong>Garant\u00eda de reparaci\u00f3n oficial de aparatos<\/strong><\/span><\/p>\n<p><span style=\"color: #000000;\">Todas las reparaciones o instalaciones efectuadas en cualquier servicio de asistencia t\u00e9cnica, deber\u00e1n ser\u00a0 garantizadas. La la ley y las condiciones son las siguientes:<\/span><\/p>\n<p><span style=\"color: #000000;\">Extracto del Real Decreto 58\/88 sobre protecci\u00f3n al consumidor referente a la garant\u00eda.<\/span><\/p>\n<p><span style=\"color: #000000;\">Vea el extracto de la ley<\/span> <a href=\"https:\/\/www.boe.es\/buscar\/doc.php?id=BOE-A-2003-13863\" target=\"_blank\" rel=\"noopener\">aqui<\/a>.<\/p>\n<p><span style=\"color: #000000;\">Art\u00edculo 6. Garant\u00eda de las reparaciones.<\/span><\/p>\n<p><span style=\"color: #000000;\"><em>6.1 Todas las reparaciones o instalaciones efectuadas en cualquier servicio de asistencia t\u00e9cnica, quedar\u00e1n garantizadas en las condiciones que establece este art\u00edculo.<\/em><\/span><\/p>\n<p><span style=\"color: #000000;\"><em>\u00a06.2 La garant\u00eda que otorgue el servicio de asistencia t\u00e9cnica al respecto tendr\u00e1 un per\u00edodo de validez m\u00ednimo de <strong>tres meses<\/strong>.<\/em><\/span><\/p>\n<p><span style=\"color: #000000;\"><em>\u00a06.3 El per\u00edodo de garant\u00eda se entender\u00e1 desde la fecha de la entrega del aparato y tendr\u00e1 validez en tanto en cuanto el mismo <strong>no sea manipulado o reparado por terceros<\/strong>.<\/em><\/span><\/p>\n<p><span style=\"color: #000000;\"><em>\u00a06.4 La garant\u00eda se entiende total sobre la reparaci\u00f3n efectuada y afectar\u00e1 a todos los gastos que se puedan ocasionar, tales como los del transporte que la reparaci\u00f3n exija y el desplazamiento de los operarios que hubieran de efectuar dicha reparaci\u00f3n siempre que correspondan a los abonados en factura anterior, las piezas de repuesto y material de cualquier clase que hubiera de utilizarse, as\u00ed como la imposici\u00f3n fiscal que grave esa nueva operaci\u00f3n.<\/em><\/span><\/p>\n<p><span style=\"color: #000000;\"><em>\u00a06.5 No se podr\u00e1 reclamar nueva reparaci\u00f3n con cargo a la garant\u00eda, cuando la aver\u00eda, se produzca como consecuencia de un uso inadecuado del aparato, o por causas de fuerza mayor. Esta circunstancia habr\u00e1 de ser probada por el servicio de asistencia t\u00e9cnica que otorg\u00f3 la garant\u00eda.<\/em><\/span><\/p>\n<p><span style=\"color: #000000;\"><em>\u00a06.6 Si durante el per\u00edodo de garant\u00eda se reprodujera total o parcialmente una aver\u00eda reparada o surgiera una nueva deficiencia originada por la misma reparaci\u00f3n o instalaci\u00f3n, el usuario deber\u00e1 comunicar esta circunstancia al servicio de asistencia t\u00e9cnica que prest\u00f3 la garant\u00eda. En este caso el usuario tendr\u00e1 derecho a la reparaci\u00f3n gratuita en el servicio de asistencia t\u00e9cnica garante.<\/em><\/span><\/p>\n<p><span style=\"color: #ffffff;\">.<\/span><\/p>\n","protected":false},"excerpt":{"rendered":"<p>Garant\u00eda de reparaci\u00f3n oficial de aparatos Todas las reparaciones o instalaciones efectuadas en cualquier servicio de asistencia t\u00e9cnica, deber\u00e1n ser\u00a0 garantizadas. La la ley y las condiciones son las siguientes: Extracto del Real Decreto 58\/88 sobre protecci\u00f3n al consumidor referente a la garant\u00eda. Vea el extracto de la ley aqui. Art\u00edculo 6. Garant\u00eda de las &#8230; <a title=\"Garant\u00edas\" class=\"read-more\" href=\"http:\/\/climaalba.es\/?page_id=155\" aria-label=\"Leer m\u00e1s sobre Garant\u00edas\">Leer m\u00e1s<\/a><\/p>\n","protected":false},"author":1,"featured_media":0,"parent":40,"menu_order":0,"comment_status":"closed","ping_status":"closed","template":"","meta":{"footnotes":""},"class_list":["post-155","page","type-page","status-publish"],"_links":{"self":[{"href":"http:\/\/climaalba.es\/index.php?rest_route=\/wp\/v2\/pages\/155","targetHints":{"allow":["GET"]}}],"collection":[{"href":"http:\/\/climaalba.es\/index.php?rest_route=\/wp\/v2\/pages"}],"about":[{"href":"http:\/\/climaalba.es\/index.php?rest_route=\/wp\/v2\/types\/page"}],"author":[{"embeddable":true,"href":"http:\/\/climaalba.es\/index.php?rest_route=\/wp\/v2\/users\/1"}],"replies":[{"embeddable":true,"href":"http:\/\/climaalba.es\/index.php?rest_route=%2Fwp%2Fv2%2Fcomments&post=155"}],"version-history":[{"count":9,"href":"http:\/\/climaalba.es\/index.php?rest_route=\/wp\/v2\/pages\/155\/revisions"}],"predecessor-version":[{"id":933,"href":"http:\/\/climaalba.es\/index.php?rest_route=\/wp\/v2\/pages\/155\/revisions\/933"}],"up":[{"embeddable":true,"href":"http:\/\/climaalba.es\/index.php?rest_route=\/wp\/v2\/pages\/40"}],"wp:attachment":[{"href":"http:\/\/climaalba.es\/index.php?rest_route=%2Fwp%2Fv2%2Fmedia&parent=155"}],"curies":[{"name":"wp","href":"https:\/\/api.w.org\/{rel}","templated":true}]}}

Garantías

<p><span style="color: #000000;"><strong>Garantía de reparación oficial de aparatos</strong></span></p>
<p><span style="color: #000000;">Todas las reparaciones o instalaciones efectuadas en cualquier servicio de asistencia técnica, deberán ser  garantizadas. La la ley y las condiciones son las siguientes:</span></p>
<p><span style="color: #000000;">Extracto del Real Decreto 58/88 sobre protección al consumidor referente a la garantía.</span></p>
<p><span style="color: #000000;">Vea el extracto de la ley</span> <a href="https://www.boe.es/buscar/doc.php?id=BOE-A-2003-13863" target="_blank" rel="noopener">aqui</a>.</p>
<p><span style="color: #000000;">Artículo 6. Garantía de las reparaciones.</span></p>
<p><span style="color: #000000;"><em>6.1 Todas las reparaciones o instalaciones efectuadas en cualquier servicio de asistencia técnica, quedarán garantizadas en las condiciones que establece este artículo.</em></span></p>
<p><span style="color: #000000;"><em> 6.2 La garantía que otorgue el servicio de asistencia técnica al respecto tendrá un período de validez mínimo de <strong>tres meses</strong>.</em></span></p>
<p><span style="color: #000000;"><em> 6.3 El período de garantía se entenderá desde la fecha de la entrega del aparato y tendrá validez en tanto en cuanto el mismo <strong>no sea manipulado o reparado por terceros</strong>.</em></span></p>
<p><span style="color: #000000;"><em> 6.4 La garantía se entiende total sobre la reparación efectuada y afectará a todos los gastos que se puedan ocasionar, tales como los del transporte que la reparación exija y el desplazamiento de los operarios que hubieran de efectuar dicha reparación siempre que correspondan a los abonados en factura anterior, las piezas de repuesto y material de cualquier clase que hubiera de utilizarse, así como la imposición fiscal que grave esa nueva operación.</em></span></p>
<p><span style="color: #000000;"><em> 6.5 No se podrá reclamar nueva reparación con cargo a la garantía, cuando la avería, se produzca como consecuencia de un uso inadecuado del aparato, o por causas de fuerza mayor. Esta circunstancia habrá de ser probada por el servicio de asistencia técnica que otorgó la garantía.</em></span></p>
<p><span style="color: #000000;"><em> 6.6 Si durante el período de garantía se reprodujera total o parcialmente una avería reparada o surgiera una nueva deficiencia originada por la misma reparación o instalación, el usuario deberá comunicar esta circunstancia al servicio de asistencia técnica que prestó la garantía. En este caso el usuario tendrá derecho a la reparación gratuita en el servicio de asistencia técnica garante.</em></span></p>
<p><span style="color: #ffffff;">.</span></p>

<p>Garantía de reparación oficial de aparatos Todas las reparaciones o instalaciones efectuadas en cualquier servicio de asistencia técnica, deberán ser  garantizadas. La la ley y las condiciones son las siguientes: Extracto del Real Decreto 58/88 sobre protección al consumidor referente a la garantía. Vea el extracto de la ley aqui. Artículo 6. Garantía de las &#8230; <a title="Garantías" class="read-more" href="http://climaalba.es/?page_id=155" aria-label="Leer más sobre Garantías">Leer más</a></p>
