{"id":15,"date":"2011-10-13T21:10:08","date_gmt":"2011-10-13T19:10:08","guid":{"rendered":"http:\/\/www.talleresateca.es\/?page_id=15"},"modified":"2026-02-18T13:02:19","modified_gmt":"2026-02-18T11:02:19","slug":"contacto","status":"publish","type":"page","link":"http:\/\/climaalba.es\/?page_id=15","title":{"rendered":"Contacto"},"content":{"rendered":"<p><span style=\"color: #000000;\"><strong>Clima Alba\u00a0 \u00a0 \u00a0 \u00a0<\/strong>Servicio T\u00e9cnico de Calefacci\u00f3n y Acs.<\/span><\/p>\n<p><span style=\"color: #000000;\">C\/ Avenida del Mar 43-Bj, 33011 Oviedo<\/span><\/p>\n<p><span style=\"color: #000000;\"><strong>Telf. Fijo: <\/strong>985 112 734\u00a0<strong> M\u00f3vil: <\/strong>684 654 033<\/span><\/p>\n<p style=\"text-align: left;\"><span style=\"color: #000000;\"><strong>Correo electr\u00f3nico: <\/strong><a href=\"mailto:info@climaalba.es\" target=\"_blank\" rel=\"noopener\">info@climaalba.es<\/a><\/span><\/p>\n<p style=\"text-align: left;\"><span style=\"color: #000000;\">.<\/span><\/p>\n<p><span style=\"color: #000000;\"><strong>Nuestro horario de atenci\u00f3n telef\u00f3nica:<\/strong><\/span><\/p>\n<p><span style=\"color: #000000;\"><em>En Invierno<\/em> (Del 15 Octubre al 15 Abril)<\/span><\/p>\n<p style=\"text-align: left;\"><span style=\"color: #000000;\"><strong>Lunes a\u00a0Jueves<\/strong> de 9:00\u00a0 a 16:00 h.<\/span><\/p>\n<p style=\"text-align: left;\"><span style=\"color: #000000;\"><strong>Viernes<\/strong> de 9:00 a 14:00h<\/span><\/p>\n<p style=\"text-align: left;\"><span style=\"color: #000000;\"><em>En Verano<\/em> (Del 16 Abril al 14 Octubre)<\/span><\/p>\n<p style=\"text-align: left;\"><span style=\"color: #000000;\"><strong>Lunes a Viernes<\/strong> de 9:00 a 14:00 h<\/span><\/p>\n<p style=\"text-align: left;\"><span style=\"color: #000000;\"><strong>S\u00e1bados, Domingos y festivos consultar disponibilidad y precios.<\/strong><\/span><\/p>\n\n\n<iframe src=\"https:\/\/www.google.com\/maps\/embed?pb=!1m18!1m12!1m3!1d3549.913516205613!2d-5.838539148746721!3d43.37432047642244!2m3!1f0!2f0!3f0!3m2!1i1024!2i768!4f13.1!3m3!1m2!1s0xd368ddc5fc1dc57%3A0x4142f5ab8ad215d2!2sCLIMA%20ALBA!5e0!3m2!1ses!2ses!4v1771255227596!5m2!1ses!2ses\" width=\"600\" height=\"450\" style=\"border:0;\" allowfullscreen=\"\" loading=\"lazy\" referrerpolicy=\"no-referrer-when-downgrade\"><\/iframe>\n\n\n\n<p><\/p>\n\n\n\n<p>&nbsp;<br>&nbsp;<br>Si lo desea, puede rellenar el siguiente formulario y nos pondremos en conctacto con usted.<iframe loading=\"lazy\" src=\"https:\/\/www.vcita.com\/widgets\/contact_form\/ouxexry16ca5apfw?ver=2\" width=\"100%\" height=\"450px\"  scrolling=\"no\"  frameborder=\"0\" style=\" \">\n  <p>Please contact me via my contact form at vCita:<\/p>\n  <a href='https:\/\/www.vcita.com\/v\/ouxexry16ca5apfw\/contact?invite=vr_cf_pb-ouxexry16ca5apfw'>Contact Form for Talleres Ateca<\/a>\n<\/iframe><\/p>\n\n\n\n<p><\/p>\n","protected":false},"excerpt":{"rendered":"<p>Clima Alba\u00a0 \u00a0 \u00a0 \u00a0Servicio T\u00e9cnico de Calefacci\u00f3n y Acs. C\/ Avenida del Mar 43-Bj, 33011 Oviedo Telf. Fijo: 985 112 734\u00a0 M\u00f3vil: 684 654 033 Correo electr\u00f3nico: info@climaalba.es . Nuestro horario de atenci\u00f3n telef\u00f3nica: En Invierno (Del 15 Octubre al 15 Abril) Lunes a\u00a0Jueves de 9:00\u00a0 a 16:00 h. Viernes de 9:00 a 14:00h &#8230; <a title=\"Contacto\" class=\"read-more\" href=\"http:\/\/climaalba.es\/?page_id=15\" aria-label=\"Leer m\u00e1s sobre Contacto\">Leer m\u00e1s<\/a><\/p>\n","protected":false},"author":1,"featured_media":0,"parent":0,"menu_order":0,"comment_status":"closed","ping_status":"closed","template":"","meta":{"footnotes":""},"class_list":["post-15","page","type-page","status-publish"],"_links":{"self":[{"href":"http:\/\/climaalba.es\/index.php?rest_route=\/wp\/v2\/pages\/15","targetHints":{"allow":["GET"]}}],"collection":[{"href":"http:\/\/climaalba.es\/index.php?rest_route=\/wp\/v2\/pages"}],"about":[{"href":"http:\/\/climaalba.es\/index.php?rest_route=\/wp\/v2\/types\/page"}],"author":[{"embeddable":true,"href":"http:\/\/climaalba.es\/index.php?rest_route=\/wp\/v2\/users\/1"}],"replies":[{"embeddable":true,"href":"http:\/\/climaalba.es\/index.php?rest_route=%2Fwp%2Fv2%2Fcomments&post=15"}],"version-history":[{"count":86,"href":"http:\/\/climaalba.es\/index.php?rest_route=\/wp\/v2\/pages\/15\/revisions"}],"predecessor-version":[{"id":936,"href":"http:\/\/climaalba.es\/index.php?rest_route=\/wp\/v2\/pages\/15\/revisions\/936"}],"wp:attachment":[{"href":"http:\/\/climaalba.es\/index.php?rest_route=%2Fwp%2Fv2%2Fmedia&parent=15"}],"curies":[{"name":"wp","href":"https:\/\/api.w.org\/{rel}","templated":true}]}}

<p><span style="color: #000000;"><strong>Clima Alba       </strong>Servicio Técnico de Calefacción y Acs.</span></p>
<p><span style="color: #000000;">C/ Avenida del Mar 43-Bj, 33011 Oviedo</span></p>
<p><span style="color: #000000;"><strong>Telf. Fijo: </strong>985 112 734 <strong> Móvil: </strong>684 654 033</span></p>
<p style="text-align: left;"><span style="color: #000000;"><strong>Correo electrónico: </strong><a href="mailto:info@climaalba.es" target="_blank" rel="noopener">info@climaalba.es</a></span></p>
<p style="text-align: left;"><span style="color: #000000;">.</span></p>
<p><span style="color: #000000;"><strong>Nuestro horario de atención telefónica:</strong></span></p>
<p><span style="color: #000000;"><em>En Invierno</em> (Del 15 Octubre al 15 Abril)</span></p>
<p style="text-align: left;"><span style="color: #000000;"><strong>Lunes a Jueves</strong> de 9:00  a 16:00 h.</span></p>
<p style="text-align: left;"><span style="color: #000000;"><strong>Viernes</strong> de 9:00 a 14:00h</span></p>
<p style="text-align: left;"><span style="color: #000000;"><em>En Verano</em> (Del 16 Abril al 14 Octubre)</span></p>
<p style="text-align: left;"><span style="color: #000000;"><strong>Lunes a Viernes</strong> de 9:00 a 14:00 h</span></p>
<p style="text-align: left;"><span style="color: #000000;"><strong>Sábados, Domingos y festivos consultar disponibilidad y precios.</strong></span></p>


<iframe src="https://www.google.com/maps/embed?pb=!1m18!1m12!1m3!1d3549.913516205613!2d-5.838539148746721!3d43.37432047642244!2m3!1f0!2f0!3f0!3m2!1i1024!2i768!4f13.1!3m3!1m2!1s0xd368ddc5fc1dc57%3A0x4142f5ab8ad215d2!2sCLIMA%20ALBA!5e0!3m2!1ses!2ses!4v1771255227596!5m2!1ses!2ses" width="600" height="450" style="border:0;" allowfullscreen="" loading="lazy" referrerpolicy="no-referrer-when-downgrade"></iframe>



<p></p>



<p>&nbsp;<br>&nbsp;<br>Si lo desea, puede rellenar el siguiente formulario y nos pondremos en conctacto con usted.<iframe loading="lazy" src="https://www.vcita.com/widgets/contact_form/ouxexry16ca5apfw?ver=2" width="100%" height="450px"  scrolling="no"  frameborder="0" style=" ">
  <p>Please contact me via my contact form at vCita:</p>
  <a href='https://www.vcita.com/v/ouxexry16ca5apfw/contact?invite=vr_cf_pb-ouxexry16ca5apfw'>Contact Form for Talleres Ateca</a>
</iframe></p>



<p></p>

<p>Clima Alba       Servicio Técnico de Calefacción y Acs. C/ Avenida del Mar 43-Bj, 33011 Oviedo Telf. Fijo: 985 112 734  Móvil: 684 654 033 Correo electrónico: info@climaalba.es . Nuestro horario de atención telefónica: En Invierno (Del 15 Octubre al 15 Abril) Lunes a Jueves de 9:00  a 16:00 h. Viernes de 9:00 a 14:00h &#8230; <a title="Contacto" class="read-more" href="http://climaalba.es/?page_id=15" aria-label="Leer más sobre Contacto">Leer más</a></p>
